{"id":180,"date":"2020-12-08T09:37:06","date_gmt":"2020-12-08T14:37:06","guid":{"rendered":"https:\/\/sebastiengagnon.ca\/?page_id=180"},"modified":"2020-12-16T09:50:11","modified_gmt":"2020-12-16T14:50:11","slug":"experiences-boxes","status":"publish","type":"page","link":"https:\/\/sebastiengagnon.ca\/blog\/index.php\/experiences-boxes\/","title":{"rendered":"Experiences boxes"},"content":{"rendered":"\n<p>Qu&#8217;est-ce qu&#8217;une &#8220;Experience box&#8221; ? J&#8217;enregistre un simple beat en multitrack, je joue quelques accords, je les r\u00e9p\u00e8tes jusqu&#8217;\u00e0 la fin. Ensuite j&#8217;improvise dessus.<\/p>\n\n\n\n<hr class=\"wp-block-separator\"\/>\n\n\n\n<p>Acte no. 2<\/p>\n\n\n<div id=\"audioigniter-215\" class=\"audioigniter-root \" data-player-type=\"simple\" data-tracks-url=\"https:\/\/sebastiengagnon.ca\/blog\/?audioigniter_playlist_id=215\" data-display-track-no=\"false\" data-reverse-track-order=\"false\" data-display-tracklist-covers=\"true\" data-display-active-cover=\"true\" data-display-artist-names=\"true\" data-display-buy-buttons=\"false\" data-buy-buttons-target=\"false\" data-cycle-tracks=\"false\" data-display-credits=\"false\" data-display-tracklist=\"true\" data-allow-tracklist-toggle=\"true\" data-allow-tracklist-loop=\"true\" data-limit-tracklist-height=\"true\" data-volume=\"100\" data-tracklist-height=\"185\" ><\/div>\n\n\n\n<p>Acte no.4<\/p>\n\n\n<div id=\"audioigniter-218\" class=\"audioigniter-root \" data-player-type=\"simple\" data-tracks-url=\"https:\/\/sebastiengagnon.ca\/blog\/?audioigniter_playlist_id=218\" data-display-track-no=\"false\" data-reverse-track-order=\"false\" data-display-tracklist-covers=\"true\" data-display-active-cover=\"true\" data-display-artist-names=\"true\" data-display-buy-buttons=\"false\" data-buy-buttons-target=\"false\" data-cycle-tracks=\"false\" data-display-credits=\"false\" data-display-tracklist=\"true\" data-allow-tracklist-toggle=\"true\" data-allow-tracklist-loop=\"true\" data-limit-tracklist-height=\"true\" data-volume=\"100\" data-tracklist-height=\"185\" ><\/div>\n\n\n\n<p>Acte no.5 -C&#8217;est dans cette exp\u00e9rience musicale qu&#8217;est n\u00e9e la m\u00e9lodie P\u00e9nombre!<\/p>\n\n\n<div id=\"audioigniter-221\" class=\"audioigniter-root \" data-player-type=\"simple\" data-tracks-url=\"https:\/\/sebastiengagnon.ca\/blog\/?audioigniter_playlist_id=221\" data-display-track-no=\"false\" data-reverse-track-order=\"false\" data-display-tracklist-covers=\"true\" data-display-active-cover=\"true\" data-display-artist-names=\"true\" data-display-buy-buttons=\"false\" data-buy-buttons-target=\"false\" data-cycle-tracks=\"false\" data-display-credits=\"false\" data-display-tracklist=\"true\" data-allow-tracklist-toggle=\"true\" data-allow-tracklist-loop=\"true\" data-limit-tracklist-height=\"true\" data-volume=\"100\" data-tracklist-height=\"185\" ><\/div>\n\n\n\n<p>Acte no.9 -Voici un quintuplait de Moog sur un rythme swing.<\/p>\n\n\n<div id=\"audioigniter-183\" class=\"audioigniter-root \" data-player-type=\"simple\" data-tracks-url=\"https:\/\/sebastiengagnon.ca\/blog\/?audioigniter_playlist_id=183\" data-display-track-no=\"false\" data-reverse-track-order=\"false\" data-display-tracklist-covers=\"true\" data-display-active-cover=\"true\" data-display-artist-names=\"true\" data-display-buy-buttons=\"false\" data-buy-buttons-target=\"false\" data-cycle-tracks=\"false\" data-display-credits=\"false\" data-display-tracklist=\"true\" data-allow-tracklist-toggle=\"true\" data-allow-tracklist-loop=\"true\" data-limit-tracklist-height=\"true\" data-volume=\"100\" data-tracklist-height=\"185\" ><\/div>\n\n\n\n<p>Acte no.11 &#8211; Rythm\u00e9 par le l\u00e9gendaire TR606 (Le Roland TR-606 Drumatix est une bo\u00eete \u00e0 rythmes analogique programmable fabriqu\u00e9e par la soci\u00e9t\u00e9 Roland de 1981 \u00e0 1984. Elle \u00e9tait \u00e0 l&#8217;origine con\u00e7ue pour \u00eatre utilis\u00e9e avec la Roland TB-303, un synth\u00e9tiseur monophonique de basse, afin de fournir un accompagnement \u00e9l\u00e9mentaire \u00e0 des guitaristes jouant seuls), cette onzi\u00e8me party d&#8217;improvisations de synth\u00e9tiseurs nous ram\u00e8ne dans les ann\u00e9es 80.  <\/p>\n\n\n<div id=\"audioigniter-190\" class=\"audioigniter-root \" data-player-type=\"simple\" data-tracks-url=\"https:\/\/sebastiengagnon.ca\/blog\/?audioigniter_playlist_id=190\" data-display-track-no=\"false\" data-reverse-track-order=\"false\" data-display-tracklist-covers=\"true\" data-display-active-cover=\"true\" data-display-artist-names=\"true\" data-display-buy-buttons=\"false\" data-buy-buttons-target=\"false\" data-cycle-tracks=\"false\" data-display-credits=\"false\" data-display-tracklist=\"true\" data-allow-tracklist-toggle=\"true\" data-allow-tracklist-loop=\"true\" data-limit-tracklist-height=\"true\" data-volume=\"100\" data-tracklist-height=\"185\" ><\/div>\n","protected":false},"excerpt":{"rendered":"<p>Qu&#8217;est-ce qu&#8217;une &#8220;Experience box&#8221; ? J&#8217;enregistre un simple beat en multitrack, je joue quelques accords, je les r\u00e9p\u00e8tes jusqu&#8217;\u00e0 la fin. Ensuite j&#8217;improvise dessus. Acte no. 2 Acte no.4 Acte no.5 -C&#8217;est dans cette exp\u00e9rience musicale qu&#8217;est n\u00e9e la m\u00e9lodie P\u00e9nombre! Acte no.9 -Voici un quintuplait de Moog sur un&hellip; <\/p>\n","protected":false},"author":1,"featured_media":0,"parent":0,"menu_order":0,"comment_status":"closed","ping_status":"closed","template":"","meta":{"footnotes":""},"class_list":["post-180","page","type-page","status-publish","hentry"],"_links":{"self":[{"href":"https:\/\/sebastiengagnon.ca\/blog\/index.php\/wp-json\/wp\/v2\/pages\/180","targetHints":{"allow":["GET"]}}],"collection":[{"href":"https:\/\/sebastiengagnon.ca\/blog\/index.php\/wp-json\/wp\/v2\/pages"}],"about":[{"href":"https:\/\/sebastiengagnon.ca\/blog\/index.php\/wp-json\/wp\/v2\/types\/page"}],"author":[{"embeddable":true,"href":"https:\/\/sebastiengagnon.ca\/blog\/index.php\/wp-json\/wp\/v2\/users\/1"}],"replies":[{"embeddable":true,"href":"https:\/\/sebastiengagnon.ca\/blog\/index.php\/wp-json\/wp\/v2\/comments?post=180"}],"version-history":[{"count":7,"href":"https:\/\/sebastiengagnon.ca\/blog\/index.php\/wp-json\/wp\/v2\/pages\/180\/revisions"}],"predecessor-version":[{"id":223,"href":"https:\/\/sebastiengagnon.ca\/blog\/index.php\/wp-json\/wp\/v2\/pages\/180\/revisions\/223"}],"wp:attachment":[{"href":"https:\/\/sebastiengagnon.ca\/blog\/index.php\/wp-json\/wp\/v2\/media?parent=180"}],"curies":[{"name":"wp","href":"https:\/\/api.w.org\/{rel}","templated":true}]}}